et b be (176 - -1)*26/39. Suppose l - 73 = 2*w, 2*l + 5*w + 17 - b = 0. What is the highest common factor of 28 and l?
7
Let r be 318*(15/(-35) - (-4)/(-7)). Let f = r - -566. Let q = f + -122. Calculate the highest common divisor of q and 14.
14
Let f(t) = t**2 + 9*t + 26. Let d be f(-8). Suppose 4*o - 5*o = -2. Let n be (-100)/(-11)*o - d/99. What is the highest common divisor of 2 and n?
2
Let c = 3833 + -3586. Calculate the highest common divisor of c and 380.
19
Let n(r) = 2*r - 5. Let t be n(-14). Let q = t - -36. Suppose q*d = 8 + 4. Calculate the greatest common factor of d and 44.
4
Let d(s) = 10*s**2 + 12*s + 222. Let o be d(-6). Calculate the highest common factor of o and 2465.
85
Let u(s) = -s**3 + 37*s**2 - 142*s - 145. Let v be u(32). What is the greatest common factor of 1 and v?
1
Suppose 844*b = 847*b - 36. Calculate the greatest common factor of b and 246.
6
Let t = -66 - -73. Let p be (144 + (t - 3))/2. Let c = -8 + p. Calculate the greatest common divisor of 22 and c.
22
Suppose 326711 = 2*g + 326613. Let w be (-1086)/(-10) - 4/(-10). Suppose -b + w + 41 = 3*y, -5*b - 2*y = -737. What is the highest common factor of g and b?
49
Suppose 2*a - 3*s = 169, -1 = -s + 6. What is the highest common factor of 295 and a?
5
Let v = 255 + -374. Let p = v + 194. Calculate the greatest common divisor of p and 25.
25
Let o = 20847 - 20437. What is the highest common divisor of 160 and o?
10
Let u = -19096 - -19317. What is the highest common factor of 612 and u?
17
Let f(g) = -3*g - 24. Let d be f(-9). Suppose l = 5*m + 4*l + 46, 0 = d*m + l + 26. Let c be 14/(-4)*m/56*374. What is the greatest common divisor of 17 and c?
17
Suppose -96*k + 81*k = -60. Suppose k*x + 16 = 0, -3*p - 5*x + 172 = -0*x. What is the greatest common factor of p and 24?
8
Suppose 23*q - 90 = 18*q. Suppose -2*d + 2*o = -2, 0 = 2*o - 0*o + 2. Suppose 0 = -d*g + 4*g - 36. What is the greatest common divisor of g and q?
9
Let z(u) = 176*u - 1. Let t be z(1). Let q = 5097 - 4972. What is the highest common divisor of q and t?
25
Let t = 106 - -76. Suppose -1076 = -37*r + t. Calculate the greatest common factor of 34 and r.
34
Suppose 147 = 20*x - 113. Let a be (-7010)/(-65) + 2/x. Suppose -3*h - a + 468 = 0. What is the highest common factor of 15 and h?
15
Let n be 2/(9/(-6) + 2). Let m(x) = 18*x + 9. Let h(c) = -36*c - 19. Let l(i) = -4*h(i) - 7*m(i). Let t be l(n). What is the highest common factor of t and 34?
17
Let v(y) = 42*y**2 - 14*y - 12. Let w be -2 - 4 - (23 - 28). Let t be v(w). What is the greatest common factor of 44 and t?
44
Let q = 116 - 60. Suppose 0 = -3*t - x + 35, 2*t + 2*x = -2*x. What is the greatest common factor of q and t?
14
Let c = 4520 + -2366. Let d = -1400 + c. What is the highest common factor of d and 26?
26
Let b be 89/(((-5 + 4)*1)/1). Let q = b + 124. Calculate the greatest common divisor of 280 and q.
35
Let z be -1*28/(-2)*2/14. Suppose y - 12 = -2*y. Suppose -q + 73 - 288 = -z*g, 4*q - 436 = -y*g. What is the greatest common divisor of 12 and g?
12
Suppose -1610*c = -1704*c + 79994. What is the highest common factor of c and 111?
37
Suppose -6383 = -23*n - 6153. Suppose 2*j + 102 = r, 0 = j - 3 - 1. Suppose -3*a + r = -2*a. What is the greatest common factor of n and a?
10
Let l be 1*143 - -1*1. Suppose 145 = 10*k + 19*k. Suppose 3*d + 2 = y - 22, -k*y + d + 92 = 0. What is the greatest common factor of l and y?
18
Suppose -j - 2 = 0, 12*r = 14*r - j - 110. Calculate the greatest common factor of 102 and r.
6
Suppose 3*l + 27*l + 3306 = 35676. What is the greatest common divisor of l and 830?
83
Let g(o) = o**2 + 303*o + 4125. Let j be g(0). What is the greatest common divisor of j and 198?
33
Suppose -3*r + 357 = -3*f, 3*r + 18*f - 377 = 17*f. Calculate the highest common factor of r and 1612.
124
Suppose 3*j + 11*u - 135 = 14*u, 0 = -5*u - 30. Calculate the highest common factor of 767 and j.
13
Let l(x) = -7*x + 7*x**2 - 18*x**2 + 7*x**2 + 5*x**2 - 179. Let q be l(26). What is the greatest common factor of 180 and q?
45
Suppose 46720 = 3*c + 46396. What is the highest common divisor of 576 and c?
36
Let q(a) = 13*a**2 - 4. Let s be q(4). Suppose s = 6*h - 498. Let z = 75 + -36. What is the greatest common divisor of h and z?
39
Suppose 0 = -2*y - 2 + 4, 4*i = y - 93. Let f be (i + 2)/((-1)/11). Let q be 35 + 13/(-5) + 6/10. Calculate the highest common divisor of f and q.
33
Suppose 0 = t - 2*x - 40 - 3, x = 1. What is the greatest common divisor of t and 7515?
45
Let v(x) = -807*x**3 + 4*x**2 - x + 2. Let m be v(-1). What is the highest common factor of 396 and m?
22
Let y be (32/20)/((-4)/(-10)). Let j be (38/y)/(7 + 91/(-14)). Calculate the greatest common divisor of j and 1.
1
Let z = -180 + 324. Suppose 626*h - 9231 - 2037 = 0. What is the highest common divisor of z and h?
18
Let f = -9103 + 12178. What is the greatest common factor of f and 120?
15
Let b = -1020 - -1461. Let i(n) = 6*n**3 - 359*n**2 - 58*n - 22. Let d be i(60). What is the highest common factor of d and b?
49
Let p(h) = h**2 + 6*h - 49. Let w = 28 + -39. Let l be p(w). What is the greatest common divisor of 21 and l?
3
Suppose -66*v = -69*v - 5*f + 233, -v + f = -75. Let t = -684 + 1026. Let l be (50/(-15))/(-5)*t/4. Calculate the highest common factor of v and l.
19
Let m be (-152)/114 + 750096/27. Calculate the highest common factor of 15 and m.
15
Let r be ((-68)/(-8))/(1/2). Let h(j) = -43*j + 26. Let z be h(-5). Let u = z + -54. Calculate the greatest common divisor of u and r.
17
Let k = 26030 + -24106. What is the highest common factor of 2516 and k?
148
Let o = 118 + -35. Suppose 0 = 8*p + 19 - o. Let m(u) = 4*u - 4. Let n be m(p). Calculate the greatest common divisor of 4 and n.
4
Let v be (46 - 2) + 3 + (-3 - -1). Let r = -61 + 71. Suppose 4*g - 52 = -2*q, 3*q = -2 - r. What is the highest common divisor of g and v?
15
Suppose -3*h + 8 = -10. Suppose -3*x - 4*p = -7*p - h, 0 = -2*x - 4*p + 10. Let c be (-4 - 2)*((-5)/x - 0). What is the greatest common factor of c and 15?
5
Let w be (-5)/(-2) - ((-9494)/(-303))/((-4)/15). What is the greatest common divisor of 200 and w?
40
Let t(b) = -b**3 + b**2 + 2. Let j be t(3). Let n = 31 + j. Let r be (-9)/1*(-115)/n. Calculate the greatest common divisor of r and 46.
23
Suppose -5*t + o + 27 = 2*o, 0 = 5*t - 5*o - 45. Let h(m) = -18*m + 2. Let a be h(t). Let f = -7 - a. What is the highest common factor of f and 11?
11
Let s = 1586 + -1554. What is the greatest common divisor of s and 216?
8
Let k = 257 - 243. Suppose 12*c = k*c - 518. What is the greatest common factor of c and 7?
7
Suppose 44*s - 52883 = 4*s - 14723. What is the highest common divisor of s and 72?
18
Let o(c) = -c**3 + 19*c**2 + 350*c - 18. Let r be o(28). Calculate the greatest common factor of 94 and r.
94
Suppose 2410*u = 2419*u - 81. Let m be u/21 - (-2747)/287. Calculate the greatest common factor of 85 and m.
5
Let w(d) = d**2 - 18*d + 26. Let q be w(17). Let h be q/(((-215)/50)/(-1) + -4). What is the greatest common factor of 210 and h?
30
Let d(b) = -4*b - 124. Let t be d(-38). What is the highest common factor of t and 3934?
14
Let s be ((-72)/(-84))/((-3)/(-28)). Let b be (-1672)/(-57) - (s/6 - 1). What is the greatest common divisor of 319 and b?
29
Suppose -24*v + 59224 = -187*v + 280415. Calculate the highest common divisor of 46 and v.
23
Let j be 616/(-28) - (-1222)/2. Calculate the greatest common divisor of 171 and j.
19
Let t(c) = -6*c**2 + 36*c + 50. Let h be t(4). What is the greatest common divisor of 2240 and h?
14
Let q = 33 - 28. Suppose -299 = 4*l - 7*l - 2*d, -3*l + 311 = q*d. Suppose -152 + l = -g. Calculate the highest common factor of 44 and g.
11
Suppose -283*c - 5*h = -282*c - 384, 4*c = h + 1536. Calculate the greatest common factor of 2976 and c.
96
Suppose -4*j + 1286 = -1370. Let g be (-9)/((-36)/j) + 3. What is the highest common divisor of g and 26?
13
Let q = -24 + 74. Suppose 0 = -30*y + 23*y + 602. Suppose 0 = -g + 3*d + 33, 3*g + 0*g + 4*d - y = 0. What is the highest common factor of g and q?
10
Let f = 283327 - 200895. Calculate the highest common divisor of 322 and f.
322
Suppose 3*y + 4*r - 2240 = 0, -3*y + 2*r + 2972 = y. What is the highest common factor of 6200 and y?
248
Let 